*f. Let n be i(b). What is the highest common divisor of n and 96?
32
Suppose 22*y = 19*y + 12. Let t be ((-24)/(-15))/y*5. What is the highest common divisor of t and 3?
1
Suppose -104 = 18*h - 44*h. Calculate the greatest common divisor of 108 and h.
4
Suppose -16 = 4*y - 2*y. Let j be 4/(y/6) - -7. Let s be (-3)/j - 87/(-4). What is the greatest common factor of 168 and s?
21
Suppose 595*i = 594*i + 184. What is the greatest common divisor of i and 4?
4
Let q = 216 - 200. What is the highest common factor of q and 40?
8
Suppose -232*i + 444 = -230*i. What is the highest common factor of i and 999?
111
Let f be (-1)/(-6*8/(-48)). Let k(l) = l - 2. Let d be k(3). Let i be d/f - -83 - -2. Calculate the highest common factor of i and 12.
12
Let g be -2 + -1 - 9*412/(-12). What is the greatest common factor of g and 18?
18
Suppose -4*k - r = 626, -8*k - 622 = -4*k + 3*r. Let f = k + 278. Calculate the highest common factor of 11 and f.
11
Suppose -3*s - 3*v = -31 - 26, 0 = 5*s + 3*v - 87. What is the greatest common factor of 105 and s?
15
Suppose -5*c + 5*r + 6 = 11, 0 = 3*r. Let o be (c*(0 + 1))/(-3)*18. Calculate the greatest common divisor of 2 and o.
2
Suppose 0 = 11*z - 6*z - 350. Suppose -z = 65*s - 66*s. Calculate the highest common divisor of s and 28.
14
Let h = 267 - 255. What is the highest common factor of 12 and h?
12
Let r be (-1 - -10) + -103 + 211. What is the highest common factor of 99 and r?
9
Suppose 0 = 4*b - 3*o - 296, -o - 75 = 2*b - 3*b. Suppose -w = -b - 16. What is the greatest common factor of 58 and w?
29
Let c(t) = -2*t**2 - 16*t - 2. Let a be c(-5). What is the greatest common divisor of 20 and a?
4
Suppose 0 + 2 = -p, p = -4*r + 1798. What is the greatest common factor of 27 and r?
9
Let p(j) = j**2 - 14*j - 84. Let b be p(19). Calculate the greatest common divisor of 341 and b.
11
Let k(u) = u + 13. Let o be k(1). What is the greatest common factor of o and 406?
14
Let t(u) = -u**3 - 9*u**2 + 9*u - 10. Let p be t(-10). Suppose -4*o = 2*a - 49 - 1, -3*a + 2*o + 83 = p. What is the highest common factor of a and 18?
9
Let z(b) = -2*b. Let d be z(-4). Let p be (-338)/(-6) - 2/6. What is the greatest common divisor of d and p?
8
Let y = -1433 + 1557. Calculate the highest common divisor of y and 1426.
62
Let d(z) = 173*z**2 - 7*z - 9. Let m(t) = -87*t**2 + 3*t + 4. Let x(c) = -2*d(c) - 5*m(c). Let q be x(2). Calculate the greatest common divisor of q and 44.
44
Let i be (-5)/(-20)*12 + 0. What is the highest common divisor of 9 and i?
3
Suppose 63 = 4*f + 3*y, y = -3*f + 5*y + 16. Suppose c = -5*c + f. Calculate the highest common divisor of c and 16.
2
Let b be 9435/(-270)*-3 + 10/(-12). Let k = 1 - 1. Suppose k*f - f = -13. Calculate the greatest common divisor of b and f.
13
Suppose 35 = t + h + 4, 0 = -t + 3*h + 19. Let r = 607 - 481. What is the highest common divisor of r and t?
14
Let l = -14 - -15. Let m be l - (0/(-1) - 14). Suppose 0*s + m = s. Calculate the greatest common factor of 165 and s.
15
Let i = 2025 + -2022. Calculate the greatest common factor of i and 201.
3
Let k be (-44)/(-10) + 2/(-5). Suppose -2*d = k*o - 238, -121 = -3*o + o + d. Let p be ((-20)/12)/((-1)/o). Calculate the greatest common factor of p and 20.
20
Suppose 5*z + 47 = -2*h + 9, 2*z = 2*h + 10. Let a(p) = -6*p - p**3 - 5*p**2 - 4*p - 5*p**2 - 5. Let b be a(h). Calculate the highest common divisor of 8 and b.
4
Let j = -29 + 225. Suppose 112 = 5*m - m. Calculate the greatest common factor of m and j.
28
Let o(r) = -90*r**3 - r. Let x = 98 - 99. Let q be o(x). What is the greatest common divisor of q and 13?
13
Let c = -3 + 4. Let u = 45 - 10. Let j = 38 - u. What is the highest common factor of c and j?
1
Suppose 0 = 29*a - 18*a - 429. Calculate the greatest common factor of a and 1209.
39
Let u be (-1)/(-1)*(0 - -2*24). Let h = u - -2. What is the highest common divisor of h and 75?
25
Suppose -7*p + 122 = -543. What is the highest common divisor of 10 and p?
5
Suppose r = 4, -23*r + 25*r = 2*g - 388. Suppose -3*c + 5 = -5*z + 86, -4*c = -12. What is the highest common factor of z and g?
18
Suppose a - 5*a = -792. Suppose -3*z - 4*y + y + 63 = 0, 5*z - 112 = 2*y. What is the greatest common factor of z and a?
22
Suppose -3*j = 2*j + 2*s - 13, 2*j - 3*s = 9. Suppose -j*b + 22 = -b. What is the greatest common factor of 121 and b?
11
Suppose -3*v - 5*u + 134 = -3*u, 5*v + 3*u = 224. Let h = 184 - 115. Calculate the greatest common factor of v and h.
23
Suppose -5*b = 25, 0 = -5*y + 5*b + 34 + 26. Let h = -1 - y. Let n be (18/h)/((-1)/84). Calculate the greatest common divisor of n and 21.
21
Suppose 9*k - 11 = 124. Suppose 0*s - 5*s - 4*c + 225 = 0, -k = -3*c. Calculate the greatest common factor of 246 and s.
41
Suppose 0 = -l - 0*l. Suppose -4*s + s + 144 = l. Suppose s = 2*u + u. What is the greatest common factor of 24 and u?
8
Suppose -28*r + 27*r + q = -4, 5*q - 4 = 2*r. Let y = -7 - -15. Suppose -h + 100 = -4*a, y*h = 3*h + 4*a + 452. What is the highest common factor of h and r?
8
Let y(b) = 8*b - 4. Let m be y(11). Calculate the greatest common divisor of 273 and m.
21
Let j = -540 - -701. What is the highest common factor of j and 35?
7
Let n = -22 - -26. Suppose -n*a = 20 - 0. Let w(c) = 2*c**2 + 7*c + 1. Let j be w(a). Calculate the greatest common divisor of j and 32.
16
Suppose 17*s - 2383 + 88 = 0. Suppose 15 = l - 39. What is the greatest common divisor of l and s?
27
Suppose 5*l - 22 - 23 = 0. Let b = l + -10. Let u(c) = -53*c - 1. Let d be u(b). What is the highest common factor of 26 and d?
26
Let z(k) = -k**3 + 7*k**2 + 12*k - 28. Let l be z(8). Let i be ((l/1)/(-4) - 3) + 9. Calculate the greatest common divisor of 3 and i.
1
Let v(s) = -s**3 + 12*s**2 - 11*s - 6. Let g be v(7). Calculate the highest common factor of g and 18.
18
Let m = 62 + -34. Suppose -3*h + 7 = 2*w - 4*h, 3*w - 2*h = 9. Suppose -2*g + 142 = w*r + 12, -3*g + 212 = -r. Calculate the greatest common factor of m and g.
14
Let t = -115 - -118. Calculate the greatest common factor of 48 and t.
3
Suppose -16*s + 1159 = -2425. Calculate the greatest common divisor of 64 and s.
32
Suppose 5*x - 117 = -i + 4*i, 0 = 3*i + 12. Let s = x - -21. Calculate the greatest common factor of s and 6.
6
Let z(d) = 0 - 33 + 15*d + 62*d. Let o be z(6). What is the highest common factor of 39 and o?
39
Suppose 3*b - 36 = -b. Let i(g) = g**2 + 36*g + 108. Let a be i(-33). What is the greatest common factor of b and a?
9
Let o(p) = p**2 - 2*p - 3. Let h be o(-4). Let v be (8/(-24))/(1/(-6)). Suppose v*x - h = 5. What is the greatest common factor of x and 13?
13
Let g = -155 - -247. What is the greatest common factor of 437 and g?
23
Let o(g) = -g**3 + 6*g**2 + 7*g - 4. Let s be o(7). Let m = s - -7. Let i be 276/18 - 2/6. Calculate the greatest common factor of i and m.
3
Suppose -147 = -4*l - s, 4*s = 5*l + 7*s - 175. Calculate the greatest common divisor of l and 589.
19
Suppose 5*f + 2*u - 27 = 51, 5*u = 4*f - 36. Suppose 15*b - 6*b = 126. Calculate the highest common divisor of b and f.
14
Let v(l) = 22*l. Let u(w) = 66*w. Let g(i) = -3*u(i) + 8*v(i). Let z be g(-1). Calculate the highest common factor of 176 and z.
22
Suppose -5*f + 3*f = -d + 1361, 0 = -d + 3*f + 1359. Calculate the highest common divisor of d and 105.
105
Let z = -25 - -9. Let t = -5 - -57. Let i = z + t. Calculate the greatest common divisor of 90 and i.
18
Suppose 40*p - 50*p + 410 = 0. What is the greatest common factor of p and 697?
41
Let d(g) = g - 1. Let k be d(6). Let i(u) = 3*u - 4*u + 1880 + 2*u**2 - 1870. Let o be i(5). What is the highest common factor of k and o?
5
Suppose 0 = -7*o + 383 + 513. Suppose 0 = 5*g - 5*y - 156 + 1, 3*y + o = 4*g. What is the greatest common factor of 70 and g?
35
Let f be -54*(60/(-9))/2. Suppose -q - 5*w = -0*w - 35, 2*q + 5*w - 55 = 0. What is the highest common factor of q and f?
20
Suppose -688 = -32*i + 80. Calculate the highest common divisor of i and 600.
24
Let q be (-1 + 205/(-45))/(17/(-153)). Calculate the highest common factor of q and 370.
10
Suppose 54 = 3*g - 2*g. Suppose 0 = 3*r - 2*p - 72, 2*p - 53 = -2*r - 15. Let s = r + -16. Calculate the highest common factor of g and s.
6
Let i be (-5 - (-5 + -9 + -1))*2. Calculate the hig